ide 202209?
False
Is 10 a factor of 12682?
False
Does 73 divide 743358?
False
Does 2006 divide 20172336?
True
Does 331 divide 1699771?
False
Is 11167364 a multiple of 247?
True
Does 10 divide 85210?
True
Is 36936 a multiple of 9?
True
Does 17 divide 426268?
False
Is 132348 a multiple of 123?
True
Does 299 divide 255047?
True
Does 343 divide 1854375?
False
Is 24 a factor of 2065080?
True
Is 330533 a multiple of 200?
False
Is 18 a factor of 5367420?
True
Does 11 divide 251096?
False
Is 1209712 a multiple of 28?
True
Is 19 a factor of 25631?
True
Is 142486 a multiple of 746?
True
Is 1222452 a multiple of 22?
True
Does 35 divide 701636?
False
Is 78144 a multiple of 44?
True
Does 64 divide 221312?
True
Is 2356083 a multiple of 9?
True
Is 137363 a multiple of 13?
False
Is 344 a factor of 10458550?
False
Does 20 divide 72260?
True
Is 252 a factor of 6682032?
True
Is 178421 a multiple of 3?
False
Is 9 a factor of 695565?
True
Is 65559 a multiple of 41?
True
Does 43 divide 346712?
False
Does 22 divide 262127?
False
Is 1481546 a multiple of 11?
True
Does 156 divide 3818100?
True
Is 134369 a multiple of 250?
False
Is 64 a factor of 1275904?
True
Is 845040 a multiple of 35?
True
Does 345 divide 237766?
False
Is 75 a factor of 112972?
False
Does 9 divide 2403?
True
Does 543 divide 245979?
True
Is 3708750 a multiple of 16?
False
Does 611 divide 1211613?
True
Is 108 a factor of 489593?
False
Does 10 divide 16070?
True
Is 428 a factor of 174621?
False
Is 469818 a multiple of 24?
False
Is 3350014 a multiple of 135?
False
Does 234 divide 104364?
True
Is 107 a factor of 11835270?
True
Does 8 divide 44424?
True
Is 196945 a multiple of 331?
True
Does 6 divide 15000?
True
Is 82 a factor of 1614994?
False
Is 20 a factor of 8193500?
True
Is 161829 a multiple of 59?
False
Is 12 a factor of 313341?
False
Is 20 a factor of 719600?
True
Is 499705 a multiple of 139?
True
Is 471 a factor of 248688?
True
Is 3049812 a multiple of 162?
True
Is 10595258 a multiple of 24?
False
Is 1874385 a multiple of 495?
False
Is 6 a factor of 10562?
False
Is 153 a factor of 160183?
False
Is 546 a factor of 29444181?
False
Is 646 a factor of 546734?
False
Does 147 divide 4716?
False
Is 18 a factor of 1991361?
False
Is 626 a factor of 1340791?
False
Is 67 a factor of 9782?
True
Is 228 a factor of 577446?
False
Does 68 divide 117912?
True
Does 229 divide 19465?
True
Is 21 a factor of 73821?
False
Does 19 divide 1449633?
False
Is 3928678 a multiple of 689?
True
Does 97 divide 984259?
True
Does 189 divide 13318830?
True
Does 142 divide 824736?
True
Is 4639915 a multiple of 7?
True
Does 5 divide 212897?
False
Is 111192 a multiple of 8?
True
Is 31 a factor of 3074394?
True
Does 1289 divide 4676492?
True
Does 721 divide 56079?
False
Is 190 a factor of 26600?
True
Does 39 divide 3856125?
True
Is 92 a factor of 8662536?
True
Does 165 divide 1231890?
True
Is 6436 a multiple of 44?
False
Does 127 divide 1337637?
False
Is 893336 a multiple of 12?
False
Is 15 a factor of 48015?
True
Is 11 a factor of 5961420?
False
Is 150992 a multiple of 23?
False
Is 178582 a multiple of 599?
False
Is 8806517 a multiple of 100?
False
Is 347017 a multiple of 11?
True
Does 172 divide 6307756?
True
Is 125 a factor of 529077?
False
Is 166041 a multiple of 10?
False
Is 17 a factor of 2458710?
True
Is 88 a factor of 668096?
True
Does 2 divide 129225?
False
Is 69 a factor of 7390?
False
Does 950 divide 4727596?
False
Does 6 divide 2574582?
True
Is 255 a factor of 5402940?
True
Does 611 divide 265785?
True
Does 33 divide 205145?
False
Does 16 divide 802128?
True
Is 8 a factor of 1947240?
True
Is 72975 a multiple of 7?
True
Does 314 divide 360884?
False
Is 5 a factor of 10114206?
False
Does 5 divide 63885?
True
Is 31 a factor of 8603740?
True
Does 9 divide 2068146?
True
Does 42 divide 96852?
True
Is 8 a factor of 334910?
False
Does 5 divide 56190?
True
Is 320071 a multiple of 363?
False
Is 443155 a multiple of 263?
True
Is 1812180 a multiple of 40?
False
Does 9 divide 351279?
True
Does 1444 divide 9228604?
True
Does 216 divide 192672?
True
Is 107906 a multiple of 662?
True
Is 91 a factor of 1837472?
True
Is 7 a factor of 186851?
True
Is 98112 a multiple of 112?
True
Does 158 divide 41961?
False
Is 721968 a multiple of 534?
True
Is 5019984 a multiple of 144?
True
Is 55 a factor of 2438408?
False
Is 89 a factor of 218682?
False
Is 36405 a multiple of 45?
True
Is 6714793 a multiple of 6?
False
Is 33 a factor of 453651?
True
Is 1545582 a multiple of 519?
True
Is 293277 a multiple of 86?
False
Does 101 divide 227351?
True
Does 35 divide 168035?
True
Is 1368 a factor of 7835904?
True
Does 26 divide 212940?
True
Is 19 a factor of 509371?
True
Is 13 a factor of 71266?
True
Is 27 a factor of 703130?
False
Does 3 divide 428844?
True
Is 3116373 a multiple of 21?
False
Does 21 divide 187372?
False
Does 1544 divide 2717180?
False
Is 213198 a multiple of 431?
False
Does 14 divide 314468?
True
Does 29 divide 152949?
False
Is 8101202 a multiple of 69?
False
Is 4506837 a multiple of 1061?
False
Is 50 a factor of 9161700?
True
Is 1189495 a multiple of 361?
True
Does 55 divide 157134?
False
Is 279408 a multiple of 12?
True
Is 14900536 a multiple of 59?
False
Is 864892 a multiple of 68?
True
Is 187938 a multiple of 591?
True
Is 514 a factor of 1587543?
False
Does 3 divide 51142?
False
Is 166 a factor of 30194902?
True
Does 76 divide 2367363?
False
Does 409 divide 1176284?
True
Does 33 divide 44520?
False
Is 489879 a multiple of 689?
True
Is 14283296 a multiple of 671?
False
Does 16 divide 1733?
False
Does 56 divide 9283008?
True
Is 763 a factor of 1048362?
True
Is 722750 a multiple of 118?
True
Is 8078063 a multiple of 62?
False
Does 5 divide 38820?
True
Is 413 a factor of 946411?
False
Does 409 divide 485309?
False
Is 36102304 a multiple of 53?
False
Is 4 a factor of 549078?
False
Does 87 divide 361920?
True
Is 79069 a multiple of 19?
False
Does 101 divide 145137?
True
Is 1758305 a multiple of 1056?
False
Is 1798438 a multiple of 577?
False
Does 624 divide 864240?
True
Is 225143 a multiple of 80?
False
Is 36372 a multiple of 28?
True
Is 40628 a multiple of 29?
False
Is 414870 a multiple of 191?
False
Is 116 a factor of 26335?
False
Is 1697231 even?
False
Does 28 divide 186396?
True
Does 138 divide 134550?
True
Does 21 divide 258531?
True
Is 92 a factor of 716680?
True
Does 965 divide 348365?
True
Does 48 divide 3041760?
True
Does 540 divide 5185620?
True
Is 226 a factor of 36766?
False
Is 4 a factor of 24612?
True
Is 18544 a multiple of 6?
False
Is 3791052 a multiple of 5?
False
Does 100 divide 908400?
True
Does 15 divide 66540?
True
Is 151 a factor of 537849?
False
Is 1307667 a multiple of 9?
False
Does 14 divide 29106?
True
Is 9 a factor of 2593278?
True
Does 2 divide 110084?
True
Is 306525 a multiple of 183?
True
Does 19 divide 9910064?
False
Does 570 divide 1080284?
False
Is 263 a factor of 12441541?
False
Is 426434 a multiple of 455?
False
Does 44 divide 82016?
True
Is 39 a factor of 19022?
False
Is 492079 a multiple of 44?
False
Does 7 divide 89964?
True
Is 1142148 a multiple of 14?
True
Is 2 a factor of 18161?
False
Is 341280 a multiple of 270?
True
Is 63 a factor of 154342?
False
Does 13 divide 45630?
True
Is 2136013 a multiple of 18?
False
Is 20 a factor of 1455140?
True
Is 137 a factor of 100177?
False
Is 2898573 a multiple of 74?
False
Is 486 a factor of 16624811?
False
Does 6 divide 334920?
True
Does 16 divide 12522908?
False
Is 77 a factor of 3607604?
True
Does 162 divide 474012?
True
Does 67 divide 61975?
True
Is 232 a factor of 187253?
False
Is 38 a factor of 4812434?
True
Is 1389659 a multiple of 82?
False
Does 76 divide 506008?
True
Does 4 divide 21543?
False
Does 642 divide 1341526?
False
Does 97 divide 3060116?
False
Is 241 a factor of 276427?
True
Is 2 a factor of 35040?
True
Is 216 a factor of 484036?
False
Is 5848920 a multiple of 4?
True
Is 4 a factor of 74656?
True
Is 6289960 a multiple of 134?
True
Is 1841 a factor of 20184724?
True
Is 23 a factor of 1054435?
True
Does 389 divide 635237?
True
Is 15438150 a multiple of 507?
True
Is 22 a factor of 2045901?
False
Is 31 a factor of 27779100?
True
Is 419104 a multiple of 56?
True
Is 75 a factor of 81900?
True
Is 5 a factor of 84992?
False
Is 15 a factor of 524428?
False
Is